at is the greatest common factor of 25 and 6425?
25
What is the highest common factor of 48 and 17256?
24
What is the greatest common divisor of 7059 and 1267?
181
Calculate the greatest common factor of 272 and 17.
17
What is the highest common divisor of 88 and 583?
11
What is the highest common factor of 105 and 175?
35
Calculate the greatest common factor of 468 and 36.
36
Calculate the highest common factor of 812 and 364.
28
Calculate the greatest common factor of 66 and 2134.
22
What is the greatest common factor of 130 and 1014?
26
Calculate the greatest common factor of 39 and 78.
39
Calculate the highest common factor of 377 and 1222.
13
Calculate the highest common divisor of 20 and 980.
20
What is the greatest common factor of 486 and 18?
18
Calculate the greatest common factor of 325 and 117.
13
Calculate the greatest common divisor of 589 and 62.
31
Calculate the greatest common divisor of 2360 and 24.
8
What is the greatest common divisor of 21805 and 245?
245
Calculate the highest common divisor of 24 and 776.
8
What is the highest common divisor of 1180 and 8?
4
What is the greatest common divisor of 203 and 116?
29
Calculate the highest common factor of 196 and 126.
14
What is the greatest common divisor of 1005 and 15?
15
What is the highest common divisor of 537 and 3401?
179
Calculate the greatest common factor of 68 and 6664.
68
Calculate the highest common factor of 136 and 561.
17
What is the highest common divisor of 21142 and 88?
22
Calculate the greatest common divisor of 108 and 180.
36
What is the highest common divisor of 288 and 48?
48
Calculate the highest common factor of 215 and 387.
43
Calculate the greatest common factor of 220 and 2530.
110
Calculate the highest common factor of 1458 and 2106.
162
Calculate the highest common factor of 207 and 2162.
23
Calculate the highest common divisor of 134 and 4.
2
Calculate the greatest common divisor of 595 and 119.
119
Calculate the highest common factor of 3030 and 90.
30
Calculate the greatest common divisor of 73 and 876.
73
Calculate the greatest common divisor of 3045 and 29.
29
Calculate the greatest common factor of 301 and 688.
43
Calculate the highest common factor of 4442 and 1.
1
What is the greatest common factor of 231 and 84?
21
What is the greatest common divisor of 38 and 437?
19
What is the highest common divisor of 235 and 799?
47
What is the highest common factor of 16 and 236?
4
What is the highest common factor of 9 and 27?
9
Calculate the highest common factor of 1 and 739.
1
Calculate the highest common factor of 45 and 21015.
45
What is the highest common factor of 776 and 679?
97
What is the highest common divisor of 49 and 133?
7
Calculate the highest common divisor of 59 and 59.
59
What is the highest common divisor of 520 and 767?
13
Calculate the highest common factor of 564 and 84.
12
Calculate the greatest common divisor of 100 and 3320.
20
Calculate the highest common divisor of 63 and 243.
9
What is the greatest common factor of 63 and 18?
9
Calculate the highest common divisor of 660 and 40.
20
Calculate the highest common divisor of 25 and 405.
5
What is the highest common factor of 64 and 1712?
16
What is the highest common factor of 5359 and 92?
23
Calculate the greatest common factor of 3 and 90.
3
Calculate the highest common divisor of 527 and 93.
31
Calculate the highest common factor of 2840 and 10.
10
What is the greatest common factor of 11394 and 54?
54
Calculate the highest common factor of 2 and 572.
2
What is the highest common factor of 2064 and 48?
48
Calculate the highest common divisor of 40 and 7880.
40
What is the highest common factor of 118 and 7375?
59
What is the highest common factor of 6 and 3?
3
Calculate the highest common divisor of 21 and 7.
7
Calculate the highest common divisor of 609 and 435.
87
What is the greatest common divisor of 11364 and 12?
12
Calculate the greatest common divisor of 280 and 120.
40
What is the greatest common divisor of 126 and 231?
21
What is the greatest common divisor of 7173 and 45?
9
Calculate the highest common divisor of 964 and 24.
4
What is the greatest common factor of 5332 and 43?
43
Calculate the greatest common factor of 57 and 38.
19
Calculate the greatest common factor of 532 and 304.
76
What is the greatest common divisor of 30 and 290?
10
What is the highest common divisor of 1944 and 8208?
216
What is the greatest common divisor of 447 and 7748?
149
Calculate the highest common divisor of 392 and 224.
56
What is the highest common divisor of 23 and 667?
23
Calculate the greatest common factor of 61 and 10309.
61
What is the greatest common factor of 2367 and 27?
9
Calculate the highest common divisor of 118 and 177.
59
Calculate the highest common divisor of 115 and 644.
23
Calculate the greatest common divisor of 5 and 15.
5
Calculate the greatest common factor of 3 and 7761.
3
What is the greatest common divisor of 10 and 16?
2
What is the greatest common factor of 756 and 6156?
108
What is the greatest common factor of 41 and 1107?
41
Calculate the highest common factor of 17 and 629.
17
Calculate the highest common divisor of 525 and 750.
75
What is the greatest common factor of 4 and 180?
4
Calculate the highest common factor of 70 and 3.
1
What is the highest common divisor of 3378 and 6?
6
What is the highest common divisor of 100 and 2880?
20
Calculate the highest common divisor of 31 and 2449.
31
What is the greatest common divisor of 8085 and 165?
165
What is the highest common factor of 95 and 305?
5
Calculate the greatest common divisor of 12 and 132.
12
Calculate the highest common divisor of 68 and 1156.
68
What is the greatest common divisor of 405 and 1782?
81
Calculate the greatest common factor of 36 and 2196.
36
What is the greatest common divisor of 2244 and 24?
12
Calculate the greatest common divisor of 130 and 1380.
10
What is the highest common factor of 3552 and 96?
96
What is the greatest common divisor of 90 and 765?
45
Calculate the greatest common factor of 52 and 572.
52
Calculate the greatest common factor of 1105 and 34.
17
Calculate the highest common factor of 17520 and 48.
48
Calculate the greatest common divisor of 77 and 133.
7
What is the highest common divisor of 12 and 36?
12
Calculate the greatest common factor of 48 and 522.
6
What is the greatest common divisor of 1302 and 62?
62
What is the greatest common divisor of 28 and 756?
28
What is the highest common factor of 112 and 644?
28
Calculate the greatest common factor of 16 and 5024.
16
What is the highest common divisor of 102 and 5542?
34
Calculate the greatest common divisor of 44464 and 14.
14
Calculate the highest common divisor of 287 and 1230.
41
What is the highest common factor of 979 and 209?
11
Calculate the highest common divisor of 610 and 490.
10
What is the highest common factor of 129 and 86?
43
What is the highest common divisor of 68 and 102?
34
Calculate the highest common divisor of 4164 and 24.
12
What is the greatest common divisor of 54056 and 58?
58
What is the highest common divisor of 2478 and 885?
177
Calculate the highest common divisor of 59 and 6431.
59
What is the highest common factor of 3388 and 196?
28
What is the highest common divisor of 4 and 358?
2
What is the greatest common factor of 6 and 789?
3
Calculate the greatest common divisor of 142 and 2414.
142
What is the greatest common factor of 20 and 155?
5
What is the highest common divisor of 195 and 273?
39
Calculate the greatest common factor of 679 and 485.
97
Calculate the highest common divisor of 140 and 20.
20
Calculate the greatest common divisor of 1152 and 60.
12
What is the highest common divisor of 105 and 75?
15
What is the greatest common divisor of 80 and 310?
10
Calculate the greatest common factor of 264 and 4026.
66
What is the highest common divisor of 1036 and 28?
28
What is the highest common factor of 64 and 152?
8
Calculate the greatest common divisor of 207 and 92.
23
Calculate the greatest common divisor of 1551 and 132.
33
What is the highest common divisor of 320 and 140?
20
Calculate the highest common factor of 728 and 56.
56
What is the greatest common divisor of 26 and 1?
1
What is the greatest common divisor of 110 and 1232?
22
What is 